ainder when (-2)/6 + 151/3 is divided by 13.
11
Let a(h) be the second derivative of 35*h**3/6 - 4*h. Let g be a(-1). Let l = -14 - g. What is the remainder when l is divided by 11?
10
Calculate the remainder when (-1)/14*-626 - 18/(-63) is divided by 23.
22
Let r = 68 + -31. Calculate the remainder when r is divided by (2 - -17)*1 - -1.
17
Let r(n) be the second derivative of n**4/12 + n**3/6 - 3*n. Calculate the remainder when 2 is divided by r(-2).
0
Suppose -5*d = -d - 184. What is the remainder when 181 is divided by d?
43
Let b = -160 - -239. What is the remainder when b is divided by 27?
25
Let y(b) = b + 7. Let o(u) = -u**3 - 6*u**2 - 7*u - 4. What is the remainder when y(8) is divided by o(-5)?
3
Let k = -23 - -33. Let n(j) = j**2 - 9*j - 7. Calculate the remainder when 5 is divided by n(k).
2
Suppose 0 = 3*g + 3, -1 = -3*n - 2*g + 3. Suppose -n*x - x = 0. Calculate the remainder when 20 is divided by (-24)/(-4) - (x - 1).
6
Suppose -h = -6*h - 35. Let p = 12 + h. Let s = -25 - -38. Calculate the remainder when s is divided by p.
3
Suppose -2*t + 20 = 4. Suppose -n - 4 = -2*n + m, 0 = -n + 2*m + t. Calculate the remainder when 10 is divided by (n + (-9)/(-6))*4.
4
Suppose 2*j - 29 = -5*y, -5*j + 5*y = -8 - 12. Calculate the remainder when 53 is divided by j.
4
Let s(k) = k + 12. Let t be 0/(-3) + (-2 - -1). Let n = -1 - t. Calculate the remainder when 35 is divided by s(n).
11
Let z be (-1192)/(-56) - 4/14. Suppose 4*y - z - 20 = -w, -4*y = -5*w - 11. Calculate the remainder when 26 is divided by y.
8
Suppose 3*t - 8 - 1 = 0. Suppose -5*a = -5*d + 25, -3*a = -5*a + 6. Calculate the remainder when d is divided by t.
2
Let d(m) = 11*m**3 - m**2 - 2*m + 2. What is the remainder when d(2) is divided by 17?
14
Let i = 13 - 5. Suppose -6*r + i*r - 46 = 0. Calculate the remainder when r is divided by 12.
11
Suppose 2*y + 126 = 5*y. Suppose 0 = 4*r + 5*h - 70, -3*r + h - 77 = -8*r. What is the remainder when y is divided by r?
12
Let q(a) = a. What is the remainder when q(12) is divided by 5?
2
Suppose -4*m - d + 60 = 0, -3*d = 2*m + m - 45. What is the remainder when 54 is divided by m?
9
Let m = 20 + -12. Let b(a) = -2*a + 10. What is the remainder when b(-10) is divided by m?
6
Let o be 3/((-1)/(12/(-9))). Suppose -2*b + 3 = -o*b - 5*m, 34 = 4*b + 2*m. What is the remainder when 42 is divided by b?
9
Let z(q) = -26*q + 1. Let n be (-6)/14 - 20/35. Calculate the remainder when 52 is divided by z(n).
25
Let p = 89 - 64. Suppose 2*h + 2*a + 26 = 0, 2*h + 4*a + 12 + 12 = 0. Let o = p + h. Calculate the remainder when 31 is divided by o.
9
Suppose -86 = -5*s + 74. Let g(x) = x + 16. Let c be g(0). Let n = c + -5. What is the remainder when s is divided by n?
10
Let o = -17 - -38. Calculate the remainder when 82 is divided by o.
19
Let g = 5 + -5. Let j(i) = 8 - 13*i - 3 + g + 11*i**2 - i**3 + 0. What is the remainder when j(9) is divided by 17?
16
Let n(h) = -2*h + 14. Let s be n(10). What is the remainder when (1 - s/(-1))*-11 is divided by 14?
13
Suppose -2*v - v + 21 = 0. Suppose 0 = 4*p - 1 - 7. What is the remainder when v is divided by p?
1
Let b = 1 + 18. Suppose 3*m - 160 = 5*l + 150, 4*m - 175 = 3*l. Let a = 100 + l. Calculate the remainder when a is divided by b.
16
Suppose 2*f - 5*q + 26 = 0, 5 = -f - 4*q + 18. Suppose 5*n - 8 - 7 = 0. What is the remainder when (-11)/6*f*2 is divided by n?
2
Let z(l) = l**3 - 7*l**2 + 4*l - 9. Suppose 0 = 4*g + g - 10. Suppose d = -g*j - 0*j + 9, -d - 26 = -3*j. Calculate the remainder when z(7) is divided by j.
5
Suppose i + 3*m = -7 - 8, m + 4 = 0. Let t = i - -68. What is the remainder when t is divided by 22?
21
Let d = 12 - 12. Suppose d = 5*a - 85 - 85. Let s = 28 - 16. Calculate the remainder when a is divided by s.
10
Let k be (5 - 1)/((-2)/(-3)). Suppose 255 = 4*z + 51. Calculate the remainder when (-2)/4*k + z is divided by 17.
14
Calculate the remainder when 124/5 - (36/4)/(-45) is divided by 15.
10
Let z = 51 - 22. Suppose i + 3*u = 37, -u + z = -2*i + 3*i. What is the remainder when i is divided by 7?
4
Suppose -20 = 4*l + 5*h - 9, -5*h + 9 = -l. Let u be l/10*(1 - 31). Let j = u + 0. What is the remainder when 23 is divided by j?
11
Suppose 4*a - 30 = 5*l, -7*a - 3*l + 19 = -2*a. Suppose -2*x - x = -a*c + 50, -14 = -3*c + 5*x. What is the remainder when 62 is divided by c?
10
What is the remainder when 2093/14 + 1/(-2) is divided by 38?
35
Let g be (-2 - -2)*(-3)/9. Suppose g = 11*p - 7*p - 304. Calculate the remainder when p is divided by 26.
24
Let l(h) = 44*h**2 - h + 1. Let k = 6 - -9. What is the remainder when l(1) is divided by k?
14
Let j(m) = 8*m**3 - 2*m**2 + m. Suppose -r = q + 9, 0*q + 3*q = -9. Let v(p) = p**3 + 7*p**2 + 4*p - 8. Calculate the remainder when j(1) is divided by v(r).
3
Let s(x) = x**2 + 15*x + 16. What is the remainder when 4 is divided by s(-14)?
0
Suppose -3*c = 4*a - 336, -c = 4*a - 3*a - 83. Calculate the remainder when a is divided by 18.
15
Suppose -p - 4 = 2*y, 0 = -4*p - 0*y - y + 5. Calculate the remainder when 23 is divided by 14 + -3 + (p - 1).
11
Let i(v) = -6*v**3 + 2*v**2 - 2*v - 1. What is the remainder when i(-2) is divided by 15?
14
Let n(a) = 10*a - 2. Let z = 3 - 1. What is the remainder when 53 is divided by n(z)?
17
Let s = 99 + -74. What is the remainder when s is divided by 9?
7
Suppose -5*h + 868 - 178 = 0. Suppose 0*t - t + 2*u = -h, 3*t - 424 = -4*u. Suppose -3*z + t = 2*z. Calculate the remainder when z is divided by 15.
13
Suppose -43 + 7 = -3*q. Let j = 46 + -18. Let l = j - q. What is the remainder when 30 is divided by l?
14
Suppose 0 = -5*b + 3 + 7, 4*v - 5*b = 142. Calculate the remainder when 151 is divided by v.
37
Suppose 2*a - 11 = a. What is the remainder when 21 is divided by a?
10
What is the remainder when 16 is divided by ((-2)/(-3))/((-724)/(-90) + -8)?
1
Suppose -8*n - 3*r = -4*n - 48, -3*n = -3*r - 36. Let u = 85 - 39. What is the remainder when u is divided by n?
10
Suppose 3 = -3*f + 12, -50 = -5*p + 5*f. Let o be 43/(-6) - 4/(-24). What is the remainder when p is divided by 1*o*(-3)/3?
6
Let r(i) = -i**3 - i**2 - i + 7. Let o(a) = -9*a + 1. Let h be o(-4). Let b = -17 + h. What is the remainder when b is divided by r(0)?
6
Let u = -6 - -26. Let i = 10 - 3. Calculate the remainder when (-4 - 1)/((-5)/u) is divided by i.
6
Let c = -67 + 117. What is the remainder when c is divided by 26?
24
Suppose 7*m - 3*m - 12 = 0. Let v be m/15*-2*5. What is the remainder when 43/(v + (5 - 2)) is divided by 15?
13
What is the remainder when 53 is divided by (80/25 + -4)/(2/(-45))?
17
Let t(d) = 2*d**2 + d. Let r be t(-3). Let s = r - 11. What is the remainder when 29 is divided by (6/s)/((-3)/(-20))?
9
Suppose f = -3*g + 19, -5*g + 4 = -1. Calculate the remainder when 63 is divided by f.
15
Let n(z) = z**3 - 5*z**2 + z - 3. Let w be n(5). Let d = 7 - w. Let s(l) = l + 9. What is the remainder when d is divided by s(-6)?
2
Suppose 0 = 3*g - 303 + 15. Let t = g - 57. What is the remainder when t is divided by 20?
19
Let o = 39 - 33. What is the remainder when 16 is divided by o?
4
Let j be 105/4*(-3 + -1). What is the remainder when (12/10)/((-14)/j) is divided by 6?
3
Suppose 12*s - 23 = 11*s. What is the remainder when s is divided by 12?
11
Suppose 0 = c - t - 1, 3 = -4*c - 2*t - t. Suppose -2*h + 2 = c, -2*l + 0*h = 3*h - 43. Calculate the remainder when 428/l - 6/(-10) is divided by 6.
4
Let h(v) = -v**3 - 7*v**2 - v - 7. Let l be h(-7). Suppose p + 2*p - 66 = l. What is the remainder when p is divided by 6?
4
Let u = -48 - -45. Let g(b) = -2*b - 4*b + 2*b + 2. What is the remainder when g(u) is divided by 5?
4
Let z(y) = 3 - 30*y - y - 5. What is the remainder when z(-2) is divided by 31?
29
Let u be 74/3 + 8/24. Suppose -u = 2*q - 125. What is the remainder when q is divided by 13?
11
Let v(f) = 13*f**2 + 2*f - 1. Suppose -2*u - 2 + 4 = 0. Let j = -85 + 126. What is the remainder when j is divided by v(u)?
13
Let a(h) = 6*h + 6. Let k(p) = 5*p + 5. Let x(y) = 3*a(y) - 4*k(y). What is the remainder when x(-2) is divided by 1?
0
Suppose 2*q + 3*q + 35 = 0. Calculate the remainder when q*(-7)/(49/6) is divided by 4.
2
Suppose -l + 20 = i, -2*l + 8 = 4. Calculate the remainder when 89 is divided by i.
17
Let m(l) = -15